{"id":229,"date":"2025-08-22T12:51:23","date_gmt":"2025-08-22T12:51:23","guid":{"rendered":"https:\/\/wp.borkan.se\/?page_id=229"},"modified":"2025-12-30T10:43:30","modified_gmt":"2025-12-30T10:43:30","slug":"lankar","status":"publish","type":"page","link":"https:\/\/wp.borkan.se\/index.php\/lankar\/","title":{"rendered":"L\u00c4NKAR"},"content":{"rendered":"\n<h2 class=\"wp-block-heading\">DIVERSE<\/h2>\n\n\n\n<div class=\"wp-block-media-text is-stacked-on-mobile\"><figure class=\"wp-block-media-text__media\"><img loading=\"lazy\" decoding=\"async\" width=\"768\" height=\"768\" src=\"https:\/\/wp.borkan.se\/wp-content\/uploads\/2025\/12\/Hogfjallskonferensen-i-Fattjaure-ca-1955_03_resultat.jpg\" alt=\"\" class=\"wp-image-368 size-full\" srcset=\"https:\/\/wp.borkan.se\/wp-content\/uploads\/2025\/12\/Hogfjallskonferensen-i-Fattjaure-ca-1955_03_resultat.jpg 768w, https:\/\/wp.borkan.se\/wp-content\/uploads\/2025\/12\/Hogfjallskonferensen-i-Fattjaure-ca-1955_03_resultat-300x300.jpg 300w, https:\/\/wp.borkan.se\/wp-content\/uploads\/2025\/12\/Hogfjallskonferensen-i-Fattjaure-ca-1955_03_resultat-150x150.jpg 150w\" sizes=\"auto, (max-width: 768px) 100vw, 768px\" \/><\/figure><div class=\"wp-block-media-text__content\">\n<p><a href=\"https:\/\/kittelfjall.com\/upplev\/vandring-dagsutflykter\" data-type=\"link\" data-id=\"https:\/\/kittelfjall.com\/upplev\/vandring-dagsutflykter\" target=\"_blank\" rel=\"noreferrer noopener\">Kittelfj\u00e4ll, allm\u00e4n information<\/a><\/p>\n\n\n\n<p><a href=\"https:\/\/www.henriksfjall.se\/\" data-type=\"link\" data-id=\"https:\/\/www.henriksfjall.se\/\" target=\"_blank\" rel=\"noreferrer noopener\">Bygdeg\u00e5rden i Henriksfj\u00e4ll<\/a><\/p>\n<\/div><\/div>\n\n\n\n<h4 class=\"wp-block-heading\">RESTAURANGER<\/h4>\n\n\n\n<div class=\"wp-block-media-text is-stacked-on-mobile\"><figure class=\"wp-block-media-text__media\"><img loading=\"lazy\" decoding=\"async\" width=\"768\" height=\"768\" src=\"https:\/\/wp.borkan.se\/wp-content\/uploads\/2025\/12\/Spelmansstamma-i-Kittelfjall-11.jpg\" alt=\"\" class=\"wp-image-372 size-full\" srcset=\"https:\/\/wp.borkan.se\/wp-content\/uploads\/2025\/12\/Spelmansstamma-i-Kittelfjall-11.jpg 768w, https:\/\/wp.borkan.se\/wp-content\/uploads\/2025\/12\/Spelmansstamma-i-Kittelfjall-11-300x300.jpg 300w, https:\/\/wp.borkan.se\/wp-content\/uploads\/2025\/12\/Spelmansstamma-i-Kittelfjall-11-150x150.jpg 150w\" sizes=\"auto, (max-width: 768px) 100vw, 768px\" \/><\/figure><div class=\"wp-block-media-text__content\">\n<p><a href=\"https:\/\/hotellkittelfjall.com\/restaurang\" data-type=\"link\" data-id=\"https:\/\/hotellkittelfjall.com\/restaurang\" target=\"_blank\" rel=\"noreferrer noopener\">Hotell Kittelfj\u00e4ll<\/a><\/p>\n\n\n\n<p><a href=\"https:\/\/www.kittelfjallvardshus.se\/\" data-type=\"link\" data-id=\"https:\/\/www.kittelfjallvardshus.se\/\" target=\"_blank\" rel=\"noreferrer noopener\">Kitellfj\u00e4lls v\u00e4rdshus<\/a><\/p>\n\n\n\n<p><a href=\"https:\/\/granen.nu\/restaurangochpub\" data-type=\"link\" data-id=\"https:\/\/granen.nu\/restaurangochpub\" target=\"_blank\" rel=\"noreferrer noopener\">Hotell Granen<\/a><\/p>\n\n\n\n<p><a href=\"https:\/\/cochrrestaurant.se\/\" data-type=\"link\" data-id=\"https:\/\/cochrrestaurant.se\/\" target=\"_blank\" rel=\"noreferrer noopener\">C&amp;R Restaurang<\/a><\/p>\n\n\n\n<p><a href=\"https:\/\/www.kittelfjall.se\/toppstugan\" data-type=\"link\" data-id=\"https:\/\/www.kittelfjall.se\/toppstugan\" target=\"_blank\" rel=\"noreferrer noopener\">Toppstugan<\/a> (vinters\u00e4song)<\/p>\n<\/div><\/div>\n\n\n\n<h4 class=\"wp-block-heading\">BOENDE<\/h4>\n\n\n\n<div class=\"wp-block-media-text is-stacked-on-mobile\"><figure class=\"wp-block-media-text__media\"><img loading=\"lazy\" decoding=\"async\" width=\"768\" height=\"768\" src=\"https:\/\/wp.borkan.se\/wp-content\/uploads\/2025\/12\/Spelmansstamma-i-Kittelfjall-1.jpg\" alt=\"\" class=\"wp-image-364 size-full\" srcset=\"https:\/\/wp.borkan.se\/wp-content\/uploads\/2025\/12\/Spelmansstamma-i-Kittelfjall-1.jpg 768w, https:\/\/wp.borkan.se\/wp-content\/uploads\/2025\/12\/Spelmansstamma-i-Kittelfjall-1-300x300.jpg 300w, https:\/\/wp.borkan.se\/wp-content\/uploads\/2025\/12\/Spelmansstamma-i-Kittelfjall-1-150x150.jpg 150w\" sizes=\"auto, (max-width: 768px) 100vw, 768px\" \/><\/figure><div class=\"wp-block-media-text__content\">\n<p><a href=\"https:\/\/kittelfjall.com\/produkt\/bo\/hotell-kittelfjall\" data-type=\"link\" data-id=\"https:\/\/kittelfjall.com\/produkt\/bo\/hotell-kittelfjall\" target=\"_blank\" rel=\"noreferrer noopener\">Hotell Kittelfj\u00e4ll<\/a><\/p>\n\n\n\n<p><a href=\"https:\/\/kittelfjall.com\/produkt\/bo\/kittelfjall-vandrarhem\" data-type=\"link\" data-id=\"https:\/\/kittelfjall.com\/produkt\/bo\/kittelfjall-vandrarhem\" target=\"_blank\" rel=\"noreferrer noopener\">Kittelfj\u00e4ll vandrarhem<\/a><\/p>\n\n\n\n<p><a href=\"https:\/\/granen.nu\/\" data-type=\"link\" data-id=\"https:\/\/granen.nu\/\" target=\"_blank\" rel=\"noreferrer noopener\">Hotell Granen<\/a><\/p>\n\n\n\n<p><a href=\"https:\/\/kittelfjall.com\/produkt\/bo\/gronfjalls-fritidsby\" data-type=\"link\" data-id=\"https:\/\/kittelfjall.com\/produkt\/bo\/gronfjalls-fritidsby\" target=\"_blank\" rel=\"noreferrer noopener\">Gr\u00f6nfj\u00e4lls Fritidsby<\/a><\/p>\n\n\n\n<p><a href=\"https:\/\/kittelfjall.com\/produkt\/bo\/kittelfjall-skilodge\" data-type=\"link\" data-id=\"https:\/\/kittelfjall.com\/produkt\/bo\/kittelfjall-skilodge\" target=\"_blank\" rel=\"noreferrer noopener\">Kittelfj\u00e4ll Skilodge<\/a><\/p>\n\n\n\n<p><a href=\"https:\/\/kittelfjall.com\/produkt\/bo\/camp-kittelfjall-stugformedling\" data-type=\"link\" data-id=\"https:\/\/kittelfjall.com\/produkt\/bo\/camp-kittelfjall-stugformedling\" target=\"_blank\" rel=\"noreferrer noopener\">Camp Kitellfj\u00e4ll<\/a><\/p>\n\n\n\n<p><\/p>\n<\/div><\/div>\n\n\n\n<h4 class=\"wp-block-heading\">AFF\u00c4RER<\/h4>\n\n\n\n<div class=\"wp-block-media-text is-stacked-on-mobile\"><figure class=\"wp-block-media-text__media\"><img loading=\"lazy\" decoding=\"async\" width=\"720\" height=\"471\" src=\"https:\/\/wp.borkan.se\/wp-content\/uploads\/2025\/12\/Konsum.png\" alt=\"\" class=\"wp-image-371 size-full\" srcset=\"https:\/\/wp.borkan.se\/wp-content\/uploads\/2025\/12\/Konsum.png 720w, https:\/\/wp.borkan.se\/wp-content\/uploads\/2025\/12\/Konsum-300x196.png 300w\" sizes=\"auto, (max-width: 720px) 100vw, 720px\" \/><\/figure><div class=\"wp-block-media-text__content\">\n<p><a href=\"https:\/\/www.coop.se\/butiker-erbjudanden\/coop\/coop-kittelfjall\/\" data-type=\"link\" data-id=\"https:\/\/www.coop.se\/butiker-erbjudanden\/coop\/coop-kittelfjall\/\" target=\"_blank\" rel=\"noreferrer noopener\">COOP Kitelfj\u00e4ll<\/a><\/p>\n\n\n\n<p><\/p>\n<\/div><\/div>\n\n\n\n<h2 class=\"wp-block-heading\">VINTERAKTIVITETER<\/h2>\n\n\n\n<div class=\"wp-block-media-text is-stacked-on-mobile\"><figure class=\"wp-block-media-text__media\"><img loading=\"lazy\" decoding=\"async\" width=\"717\" height=\"480\" src=\"https:\/\/wp.borkan.se\/wp-content\/uploads\/2025\/12\/Pask-pa-Storbacken-3-Liten.jpg\" alt=\"\" class=\"wp-image-370 size-full\" srcset=\"https:\/\/wp.borkan.se\/wp-content\/uploads\/2025\/12\/Pask-pa-Storbacken-3-Liten.jpg 717w, https:\/\/wp.borkan.se\/wp-content\/uploads\/2025\/12\/Pask-pa-Storbacken-3-Liten-300x201.jpg 300w\" sizes=\"auto, (max-width: 717px) 100vw, 717px\" \/><\/figure><div class=\"wp-block-media-text__content\">\n<p><a href=\"https:\/\/kittelfjallskoter.se\/\" data-type=\"link\" data-id=\"https:\/\/kittelfjallskoter.se\/\" target=\"_blank\" rel=\"noreferrer noopener\">Ledbevis f\u00f6r skoterk\u00f6rning<\/a><\/p>\n\n\n\n<p><\/p>\n<\/div><\/div>\n\n\n\n<p><\/p>\n","protected":false},"excerpt":{"rendered":"<p>DIVERSE Kittelfj\u00e4ll, allm\u00e4n information Bygdeg\u00e5rden i Henriksfj\u00e4ll RESTAURANGER Hotell Kittelfj\u00e4ll Kitellfj\u00e4lls v\u00e4rdshus Hotell Granen C&amp;R Restaurang Toppstugan (vinters\u00e4song) BOENDE Hotell Kittelfj\u00e4ll Kittelfj\u00e4ll vandrarhem Hotell Granen Gr\u00f6nfj\u00e4lls Fritidsby Kittelfj\u00e4ll Skilodge Camp Kitellfj\u00e4ll AFF\u00c4RER COOP Kitelfj\u00e4ll VINTERAKTIVITETER Ledbevis f\u00f6r skoterk\u00f6rning<\/p>\n","protected":false},"author":1,"featured_media":0,"parent":0,"menu_order":0,"comment_status":"closed","ping_status":"closed","template":"","meta":{"_uag_custom_page_level_css":"","footnotes":""},"class_list":["post-229","page","type-page","status-publish","hentry"],"blocksy_meta":[],"uagb_featured_image_src":{"full":false,"thumbnail":false,"medium":false,"medium_large":false,"large":false,"1536x1536":false,"2048x2048":false},"uagb_author_info":{"display_name":"admin","author_link":"https:\/\/wp.borkan.se\/index.php\/author\/admin_b0rkn\/"},"uagb_comment_info":0,"uagb_excerpt":"DIVERSE Kittelfj\u00e4ll, allm\u00e4n information Bygdeg\u00e5rden i Henriksfj\u00e4ll RESTAURANGER Hotell Kittelfj\u00e4ll Kitellfj\u00e4lls v\u00e4rdshus Hotell Granen C&amp;R Restaurang Toppstugan (vinters\u00e4song) BOENDE Hotell Kittelfj\u00e4ll Kittelfj\u00e4ll vandrarhem Hotell Granen Gr\u00f6nfj\u00e4lls Fritidsby Kittelfj\u00e4ll Skilodge Camp Kitellfj\u00e4ll AFF\u00c4RER COOP Kitelfj\u00e4ll VINTERAKTIVITETER Ledbevis f\u00f6r skoterk\u00f6rning","_links":{"self":[{"href":"https:\/\/wp.borkan.se\/index.php\/wp-json\/wp\/v2\/pages\/229","targetHints":{"allow":["GET"]}}],"collection":[{"href":"https:\/\/wp.borkan.se\/index.php\/wp-json\/wp\/v2\/pages"}],"about":[{"href":"https:\/\/wp.borkan.se\/index.php\/wp-json\/wp\/v2\/types\/page"}],"author":[{"embeddable":true,"href":"https:\/\/wp.borkan.se\/index.php\/wp-json\/wp\/v2\/users\/1"}],"replies":[{"embeddable":true,"href":"https:\/\/wp.borkan.se\/index.php\/wp-json\/wp\/v2\/comments?post=229"}],"version-history":[{"count":6,"href":"https:\/\/wp.borkan.se\/index.php\/wp-json\/wp\/v2\/pages\/229\/revisions"}],"predecessor-version":[{"id":375,"href":"https:\/\/wp.borkan.se\/index.php\/wp-json\/wp\/v2\/pages\/229\/revisions\/375"}],"wp:attachment":[{"href":"https:\/\/wp.borkan.se\/index.php\/wp-json\/wp\/v2\/media?parent=229"}],"curies":[{"name":"wp","href":"https:\/\/api.w.org\/{rel}","templated":true}]}}